{"id":707,"date":"2021-05-19T12:30:41","date_gmt":"2021-05-19T15:30:41","guid":{"rendered":"https:\/\/www.rastrek.com.br\/hotsite\/?post_type=docs&#038;p=707"},"modified":"2021-05-19T12:30:42","modified_gmt":"2021-05-19T15:30:42","slug":"o-rastreador-interfere-no-sistema-eletrico-do-veiculo","status":"publish","type":"docs","link":"https:\/\/www.rastrek.com.br\/franquia\/faq\/o-rastreador-interfere-no-sistema-eletrico-do-veiculo\/","title":{"rendered":"O rastreador interfere no sistema el\u00e9trico do ve\u00edculo?"},"content":{"rendered":"\n<p>N\u00e3o interfere na parte el\u00e9trica e eletr\u00f4nica do ve\u00edculo nem causa perda de garantia.<\/p>\n","protected":false},"excerpt":{"rendered":"<p>N\u00e3o interfere na parte el\u00e9trica e eletr\u00f4nica do ve\u00edculo nem causa perda de garantia.<\/p>\n","protected":false},"author":1,"featured_media":0,"parent":0,"comment_status":"open","ping_status":"closed","template":"","meta":{"footnotes":""},"doc_category":[6],"doc_tag":[12],"class_list":["post-707","docs","type-docs","status-publish","hentry","doc_category-rastreadores","doc_tag-instalacao"],"_links":{"self":[{"href":"https:\/\/www.rastrek.com.br\/franquia\/wp-json\/wp\/v2\/docs\/707","targetHints":{"allow":["GET"]}}],"collection":[{"href":"https:\/\/www.rastrek.com.br\/franquia\/wp-json\/wp\/v2\/docs"}],"about":[{"href":"https:\/\/www.rastrek.com.br\/franquia\/wp-json\/wp\/v2\/types\/docs"}],"author":[{"embeddable":true,"href":"https:\/\/www.rastrek.com.br\/franquia\/wp-json\/wp\/v2\/users\/1"}],"replies":[{"embeddable":true,"href":"https:\/\/www.rastrek.com.br\/franquia\/wp-json\/wp\/v2\/comments?post=707"}],"version-history":[{"count":1,"href":"https:\/\/www.rastrek.com.br\/franquia\/wp-json\/wp\/v2\/docs\/707\/revisions"}],"predecessor-version":[{"id":708,"href":"https:\/\/www.rastrek.com.br\/franquia\/wp-json\/wp\/v2\/docs\/707\/revisions\/708"}],"wp:attachment":[{"href":"https:\/\/www.rastrek.com.br\/franquia\/wp-json\/wp\/v2\/media?parent=707"}],"wp:term":[{"taxonomy":"doc_category","embeddable":true,"href":"https:\/\/www.rastrek.com.br\/franquia\/wp-json\/wp\/v2\/doc_category?post=707"},{"taxonomy":"doc_tag","embeddable":true,"href":"https:\/\/www.rastrek.com.br\/franquia\/wp-json\/wp\/v2\/doc_tag?post=707"}],"curies":[{"name":"wp","href":"https:\/\/api.w.org\/{rel}","templated":true}]}}

O rastreador interfere no sistema elétrico do veículo?

<p>Não interfere na parte elétrica e eletrônica do veículo nem causa perda de garantia.</p>
