{"id":733,"date":"2021-05-19T12:38:23","date_gmt":"2021-05-19T15:38:23","guid":{"rendered":"https:\/\/www.rastrek.com.br\/hotsite\/?post_type=docs&#038;p=733"},"modified":"2021-05-19T12:38:24","modified_gmt":"2021-05-19T15:38:24","slug":"qual-e-a-estimativa-de-veiculos-a-serem-rastreados-no-pais","status":"publish","type":"docs","link":"https:\/\/www.rastrek.com.br\/franquia\/faq\/qual-e-a-estimativa-de-veiculos-a-serem-rastreados-no-pais\/","title":{"rendered":"Qual \u00e9 a estimativa de ve\u00edculos a serem rastreados no pa\u00eds?"},"content":{"rendered":"\n<p>Em torno de 47 milh\u00f5es.<\/p>\n","protected":false},"excerpt":{"rendered":"<p>Em torno de 47 milh\u00f5es.<\/p>\n","protected":false},"author":1,"featured_media":0,"parent":0,"comment_status":"open","ping_status":"closed","template":"","meta":{"footnotes":""},"doc_category":[11],"doc_tag":[],"class_list":["post-733","docs","type-docs","status-publish","hentry","doc_category-outras-duvidas"],"_links":{"self":[{"href":"https:\/\/www.rastrek.com.br\/franquia\/wp-json\/wp\/v2\/docs\/733","targetHints":{"allow":["GET"]}}],"collection":[{"href":"https:\/\/www.rastrek.com.br\/franquia\/wp-json\/wp\/v2\/docs"}],"about":[{"href":"https:\/\/www.rastrek.com.br\/franquia\/wp-json\/wp\/v2\/types\/docs"}],"author":[{"embeddable":true,"href":"https:\/\/www.rastrek.com.br\/franquia\/wp-json\/wp\/v2\/users\/1"}],"replies":[{"embeddable":true,"href":"https:\/\/www.rastrek.com.br\/franquia\/wp-json\/wp\/v2\/comments?post=733"}],"version-history":[{"count":1,"href":"https:\/\/www.rastrek.com.br\/franquia\/wp-json\/wp\/v2\/docs\/733\/revisions"}],"predecessor-version":[{"id":734,"href":"https:\/\/www.rastrek.com.br\/franquia\/wp-json\/wp\/v2\/docs\/733\/revisions\/734"}],"wp:attachment":[{"href":"https:\/\/www.rastrek.com.br\/franquia\/wp-json\/wp\/v2\/media?parent=733"}],"wp:term":[{"taxonomy":"doc_category","embeddable":true,"href":"https:\/\/www.rastrek.com.br\/franquia\/wp-json\/wp\/v2\/doc_category?post=733"},{"taxonomy":"doc_tag","embeddable":true,"href":"https:\/\/www.rastrek.com.br\/franquia\/wp-json\/wp\/v2\/doc_tag?post=733"}],"curies":[{"name":"wp","href":"https:\/\/api.w.org\/{rel}","templated":true}]}}

Qual é a estimativa de veículos a serem rastreados no país?

<p>Em torno de 47 milhões.</p>
